 remainder when 14967 is divided by 1358.
29
What is the remainder when 258625 is divided by 74?
69
Calculate the remainder when 9721 is divided by 3137.
310
What is the remainder when 36605 is divided by 1525?
5
What is the remainder when 76073 is divided by 827?
816
What is the remainder when 1866 is divided by 578?
132
Calculate the remainder when 2402 is divided by 7.
1
What is the remainder when 3930 is divided by 1944?
42
What is the remainder when 1621 is divided by 592?
437
What is the remainder when 103743 is divided by 148?
143
Calculate the remainder when 998495 is divided by 1761.
8
Calculate the remainder when 18288 is divided by 310.
308
Calculate the remainder when 7478 is divided by 679.
9
Calculate the remainder when 1684547 is divided by 350.
347
Calculate the remainder when 37764 is divided by 549.
432
What is the remainder when 120718 is divided by 20?
18
Calculate the remainder when 219623 is divided by 219617.
6
What is the remainder when 19360 is divided by 924?
880
Calculate the remainder when 14271 is divided by 39.
36
Calculate the remainder when 15551 is divided by 679.
613
What is the remainder when 171 is divided by 60?
51
Calculate the remainder when 132867 is divided by 132865.
2
Calculate the remainder when 35233 is divided by 22.
11
What is the remainder when 29550 is divided by 1477?
10
What is the remainder when 28678 is divided by 80?
38
What is the remainder when 11358 is divided by 187?
138
Calculate the remainder when 15492 is divided by 51.
39
Calculate the remainder when 49059 is divided by 2725.
9
What is the remainder when 2154 is divided by 296?
82
What is the remainder when 34681 is divided by 4255?
641
Calculate the remainder when 2434 is divided by 123.
97
What is the remainder when 1095 is divided by 989?
106
Calculate the remainder when 270556 is divided by 445.
441
What is the remainder when 147961 is divided by 31?
29
Calculate the remainder when 59470 is divided by 31.
12
What is the remainder when 125514 is divided by 7844?
10
Calculate the remainder when 1529 is divided by 10.
9
Calculate the remainder when 20089 is divided by 10.
9
What is the remainder when 466 is divided by 104?
50
Calculate the remainder when 18346 is divided by 6113.
7
Calculate the remainder when 149623 is divided by 399.
397
Calculate the remainder when 53862 is divided by 25.
12
What is the remainder when 184753 is divided by 125?
3
Calculate the remainder when 1043 is divided by 91.
42
What is the remainder when 66145 is divided by 51?
49
What is the remainder when 452 is divided by 122?
86
What is the remainder when 76058 is divided by 25351?
5
What is the remainder when 11827 is divided by 441?
361
What is the remainder when 810 is divided by 311?
188
What is the remainder when 683431 is divided by 156?
151
Calculate the remainder when 2607 is divided by 291.
279
What is the remainder when 6484 is divided by 1295?
9
What is the remainder when 237952 is divided by 1545?
22
Calculate the remainder when 13302 is divided by 6649.
4
What is the remainder when 67509 is divided by 3955?
274
Calculate the remainder when 833355 is divided by 314.
313
Calculate the remainder when 25673 is divided by 1508.
37
Calculate the remainder when 2583908 is divided by 1208.
1204
What is the remainder when 3648 is divided by 68?
44
What is the remainder when 79531 is divided by 26?
23
Calculate the remainder when 2146 is divided by 74.
0
Calculate the remainder when 11474 is divided by 2831.
150
What is the remainder when 83424 is divided by 47?
46
Calculate the remainder when 4890477 is divided by 30.
27
Calculate the remainder when 53761 is divided by 57.
10
Calculate the remainder when 616 is divided by 323.
293
What is the remainder when 1729 is divided by 1573?
156
Calculate the remainder when 1681 is divided by 29.
28
Calculate the remainder when 2140890 is divided by 31.
30
What is the remainder when 6439 is divided by 1074?
1069
What is the remainder when 5495708 is divided by 228?
224
What is the remainder when 1847514 is divided by 615835?
9
Calculate the remainder when 34813 is divided by 3128.
405
Calculate the remainder when 56424 is divided by 40.
24
What is the remainder when 143207 is divided by 17?
16
Calculate the remainder when 92735 is divided by 521.
518
What is the remainder when 2390 is divided by 380?
110
Calculate the remainder when 990 is divided by 461.
68
Calculate the remainder when 32829 is divided by 36.
33
What is the remainder when 34683 is divided by 469?
446
What is the remainder when 3028 is divided by 504?
4
Calculate the remainder when 18418 is divided by 392.
386
What is the remainder when 135525 is divided by 2464?
5
What is the remainder when 1085 is divided by 235?
145
Calculate the remainder when 31197 is divided by 48.
45
Calculate the remainder when 5866 is divided by 368.
346
What is the remainder when 60323 is divided by 20104?
11
Calculate the remainder when 41636 is divided by 13767.
335
What is the remainder when 539 is divided by 257?
25
Calculate the remainder when 28533 is divided by 426.
417
Calculate the remainder when 95764 is divided by 737.
691
Calculate the remainder when 2261 is divided by 1118.
25
What is the remainder when 15127 is divided by 370?
327
Calculate the remainder when 3641 is divided by 725.
16
What is the remainder when 315910 is divided by 4936?
6
What is the remainder when 7945 is divided by 7916?
29
Calculate the remainder when 13396 is divided by 4464.
4
What is the remainder when 83925 is divided by 2?
1
Calculate the remainder when 421 is divided by 77.
36
What is the remainder when 584267 is divided by 204?
11
What is the remainder when 3979 is divided by 3967?
12
Calculate the remainder when 34362 is divided by 44.
42
What is the remainder when 15920 is divided by 2605?
290
Calculate the remainder when 16053 is divided by 1233.
24
What is the remainder when 2873 is divided by 1488?
1385
Calculate the remainder when 6313 is divided by 234.
229
Calculate the remainder when 112303 is divided by 37425.
28
Calculate the remainder when 39201 is divided by 2191.
1954
What is the remainder when 4864 is divided by 1619?
7
Calculate the remainder when 167682 is divided by 33535.
7
What is the remainder when 71039 is divided by 555?
554
Calculate the remainder when 4753 is divided by 840.
553
What is the remainder when 12992 is divided by 36?
32
What is the remainder when 10336 is divided by 31?
13
Calculate the remainder when 2696 is divided by 1439.
1257
Calculate the remainder when 29440 is divided by 577.
13
Calculate the remainder when 57369 is divided by 375.
369
What is the remainder when 493 is divided by 442?
51
Calculate the remainder when 26346 is divided by 55.
1
What is the remainder when 269 is divided by 34?
31
What is the remainder when 8375 is divided by 194?
33
What is the remainder when 4449 is divided by 1196?
861
What is the remainder when 7804 is divided by 2555?
139
Calculate the remainder when 57982 is divided by 6.
4
Calculate the remainder when 27390 is divided by 104.
38
What is the remainder when 72996 is divided by 68?
32
Calculate the remainder when 2411 is divided by 120.
11
What is the remainder when 12241 is divided by 84?
61
Calculate the remainder when 50 is divided by 8.
2
Calculate the remainder when 14409 is divided by 702.
369
What is the remainder when 9729 is divided by 9721?
8
Calculate the remainder when 920 is divided by 13.
10
Calculate the remainder when 1596 is divided by 1210.
386
Calculate the remainder when 255449 is divided by 390.
389
Calculate the remainder when 150895 is divided by 503.
498
Calculate the remainder when 87464 is divided by 250.
214
What is the remainder when 83909 is divided by 631?
617
Calculate the remainder when 96912 is divided by 15.
12
Calculate the remainder when 1491087 is divided by 1164.
3
What is the remainder when 2330699 is divided by 300?
299
Calculate the remainder when 5592 is divided by 933.
927
What is the remainder when 315257 is divided by 110?
107
What is the remainder when 5010 is divided by 64?
18
Calculate the remainder when 978 is divided by 94.
38
What is the remainder when 28235 is divided by 4705?
5
Calculate the remainder when 13035 is divided by 2606.
5
What i